False
Is 21 a factor of 246771?
True
Is 18 a factor of 483660?
True
Is 3 a factor of 2349291?
True
Does 14 divide 178724?
True
Does 9 divide 586401?
False
Is 37 a factor of 4104114?
True
Does 124 divide 390352?
True
Does 11 divide 1680017?
False
Is 3559059 a multiple of 12?
False
Is 150 a factor of 194550?
True
Does 129 divide 42957?
True
Is 392 a factor of 544096?
True
Does 5 divide 1614710?
True
Is 17197796 a multiple of 1421?
False
Is 51060 a multiple of 111?
True
Is 1962546 a multiple of 566?
False
Does 13 divide 149474?
True
Is 11 a factor of 191924?
False
Is 84 a factor of 189168?
True
Does 34 divide 102714?
True
Is 13981860 a multiple of 180?
True
Is 141 a factor of 3746?
False
Does 1466 divide 4617900?
True
Is 141057 a multiple of 63?
True
Is 118 a factor of 5638748?
True
Does 426 divide 4314407?
False
Is 4540880 a multiple of 16?
True
Is 39 a factor of 949713?
False
Does 190 divide 238070?
True
Is 485 a factor of 1428905?
False
Does 4 divide 114848?
True
Is 699 a factor of 2259182?
False
Does 39 divide 6153100?
False
Is 8 a factor of 16258053?
False
Is 4526522 a multiple of 646?
True
Is 3633070 a multiple of 34?
True
Is 122633 a multiple of 10?
False
Does 3 divide 75800?
False
Is 429 a factor of 370227?
True
Is 166 a factor of 50510?
False
Does 206 divide 656522?
True
Does 10 divide 227815?
False
Is 25 a factor of 14100?
True
Is 120448 a multiple of 32?
True
Is 619484 a multiple of 4?
True
Does 62 divide 229338?
True
Does 12 divide 4694226?
False
Is 74520 a multiple of 15?
True
Is 533 a factor of 2172451?
False
Is 4586085 a multiple of 814?
False
Does 47 divide 65988?
True
Is 2058966 a multiple of 168?
False
Is 733 a factor of 8302691?
True
Is 2799080 a multiple of 145?
True
Does 25 divide 113700?
True
Is 50 a factor of 15450?
True
Is 376078 a multiple of 77?
False
Does 95 divide 2415945?
True
Is 33 a factor of 280740?
False
Does 3 divide 348945?
True
Does 223 divide 49283?
True
Is 853371 a multiple of 16?
False
Is 53100 a multiple of 18?
True
Is 106528 a multiple of 16?
True
Is 5126696 a multiple of 5?
False
Is 1571043 a multiple of 213?
False
Is 88560 a multiple of 492?
True
Does 16 divide 919376?
True
Is 811 a factor of 315071?
False
Does 261 divide 479457?
True
Is 170 a factor of 2250?
False
Is 16211 a multiple of 3?
False
Is 501 a factor of 4340698?
False
Is 17 a factor of 303800?
False
Is 177269 a multiple of 13?
False
Is 187 a factor of 255242?
False
Is 112641 a multiple of 73?
False
Is 209768 a multiple of 74?
False
Does 2 divide 2988018?
True
Is 19 a factor of 8125944?
False
Does 66 divide 1518?
True
Does 473 divide 198187?
True
Is 117 a factor of 4830215?
False
Does 11 divide 350639?
False
Does 780 divide 320320?
False
Does 101 divide 50097?
False
Does 520 divide 315640?
True
Is 233 a factor of 1844428?
True
Is 3722813 a multiple of 17?
True
Is 48000 a multiple of 12?
True
Is 1411780 a multiple of 34?
False
Does 60 divide 87301?
False
Is 38209741 a multiple of 191?
True
Does 565 divide 1126281?
False
Does 661 divide 3765717?
True
Does 62 divide 126108?
True
Is 297018 a multiple of 12?
False
Does 220 divide 167860?
True
Is 291061 a multiple of 702?
False
Does 536 divide 216684?
False
Does 124 divide 416516?
True
Is 4374174 a multiple of 21?
True
Is 3 a factor of 32753?
False
Is 1503077 a multiple of 69?
False
Is 3628 a multiple of 4?
True
Does 27 divide 1079487?
True
Does 29 divide 314244?
True
Is 3 a factor of 406?
False
Does 25 divide 941525?
True
Does 5 divide 102415?
True
Is 3369480 a multiple of 86?
True
Does 189 divide 22113?
True
Does 1027 divide 3361800?
False
Is 47 a factor of 1546911?
True
Does 155 divide 43268?
False
Is 21 a factor of 232029?
True
Does 260 divide 12217920?
True
Is 2545060 a multiple of 106?
True
Does 5 divide 946885?
True
Does 41 divide 69559?
False
Is 597135 a multiple of 605?
True
Is 725200 a multiple of 80?
True
Is 120963 a multiple of 53?
False
Does 18 divide 5829913?
False
Is 179503 a multiple of 18?
False
Is 265 a factor of 127465?
True
Is 1298 a factor of 11672110?
False
Is 2790 a factor of 8726150?
False
Is 91 a factor of 67195?
False
Is 241 a factor of 75674?
True
Is 345429 a multiple of 21?
True
Does 45 divide 450?
True
Does 192 divide 1087872?
True
Is 32479 a multiple of 308?
False
Does 471 divide 177990?
False
Is 203 a factor of 11922373?
False
Is 13277804 a multiple of 102?
False
Is 59 a factor of 301031?
False
Does 250 divide 590416?
False
Is 59508 a multiple of 76?
True
Is 590106 a multiple of 33?
True
Is 241755 a multiple of 616?
False
Is 7 a factor of 587249?
False
Does 130 divide 1105780?
True
Does 521 divide 4087245?
True
Is 277 a factor of 635161?
True
Is 65 a factor of 5394740?
True
Is 5 a factor of 1517600?
True
Does 382 divide 61120?
True
Is 10 a factor of 49914?
False
Does 4 divide 432389?
False
Does 220 divide 1148620?
True
Does 389 divide 11316?
False
Is 1359 a factor of 2255940?
True
Does 17 divide 202861?
True
Is 27856 a multiple of 18?
False
Is 72 a factor of 2428704?
True
Is 18 a factor of 93618?
True
Is 34 a factor of 2840904?
True
Is 17 a factor of 5852159?
False
Is 181364 a multiple of 21?
False
Is 27466 a multiple of 5?
False
Does 29 divide 3610007?
True
Is 152652 a multiple of 4?
True
Is 1038046 a multiple of 9?
False
Is 103 a factor of 870499?
False
Is 10 a factor of 963138?
False
Is 80 a factor of 30640?
True
Is 398892 a multiple of 13?
True
Does 26 divide 209141?
False
Does 1645 divide 4414289?
False
Is 14 a factor of 126458?
False
Does 146 divide 965906?
False
Is 174 a factor of 313722?
True
Is 108 a factor of 330804?
True
Is 16770816 a multiple of 2088?
True
Does 291 divide 2564001?
True
Is 22 a factor of 4471253?
False
Is 11 a factor of 402190?
False
Is 521430 a multiple of 74?
False
Is 35 a factor of 631155?
True
Does 637 divide 6536257?
True
Is 2554866 a multiple of 110?
False
Is 631 a factor of 770451?
True
Does 22 divide 9976?
False
Is 7440 a multiple of 20?
True
Is 542001 a multiple of 43?
False
Is 382368 a multiple of 569?
True
Is 2310542 a multiple of 254?
False
Is 395824 a multiple of 692?
True
Does 270 divide 387990?
True
Is 162739 a multiple of 283?
False
Is 943119 a multiple of 387?
True
Does 11 divide 201861?
True
Is 746031 a multiple of 1250?
False
Is 190 a factor of 1086990?
True
Does 81 divide 784404?
True
Does 20 divide 1921480?
True
Does 55 divide 22244?
False
Is 611 a factor of 5748310?
False
Is 9158114 a multiple of 14?
True
Is 19 a factor of 1846201?
False
Is 204 a factor of 1419024?
True
Is 45 a factor of 48060?
True
Is 614318 a multiple of 14?
False
Is 296 a factor of 350668?
False
Is 10 a factor of 7361?
False
Is 52 a factor of 752856?
True
Is 108742 a multiple of 5?
False
Does 47 divide 120417?
False
Is 975994 a multiple of 30?
False
Is 106 a factor of 62116?
True
Is 506 a factor of 3076058?
False
Is 53240 a multiple of 8?
True
Is 45 a factor of 914576?
False
Does 420 divide 676815?
False
Is 271 a factor of 3099529?
False
Is 262 a factor of 958134?
True
Does 4 divide 16667?
False
Is 467 a factor of 262454?
True
Is 192839 a multiple of 38?
False
Is 347955 a multiple of 271?
False
Is 64890 a multiple of 126?
True
Is 10677312 a multiple of 182?
False
Does 2 divide 506517?
False
Is 20 a factor of 406767?
False
Is 1282245 a multiple of 124?
False
Does 199 divide 3104599?
True
Is 77996 a multiple of 148?
True
Is 83951 a multiple of 7?
True
Is 66 a factor of 774121?
False
Is 26 a factor of 58240?
True
Is 25 a factor of 121525?
True
Is 21095209 a multiple of 188?
False
Is 4606084 a multiple of 7?
True
Is 117 a factor of 18018?
True
Is 1656331 a multiple of 181?
True
Is 514359 a multiple of 201?
True
Is 311 a factor of 269948?
True
Is 463 a factor of 161587?
True
Does 23 divide 8095?
False
Is 10863 a multiple of 51?
True
Does 184 divide 31280?
True
Is 75 a factor of 122100?
True
Does 308 divide 56672?
True
Is 16101851 a multiple of 124?
False
Is 104 a factor of 590720?
True
Is 517140 a multiple of 52?
True
Is 324123 a multiple of 9?
False
Is 183 a factor of 7666128?
False
Is 4326904 a multiple of 94?
False
Does 13 divide 470574?
True
Does 1190 divide 3950800?
True
Is 151526 a multiple of 53?
False
Is 155680 a multiple of 160?
True
Does 29 divide 36408?
False
Is 129080 a multiple of 8?
True
Is 607757 a multiple of 193?
True
Is 713930 a mul